15, what is -210375 - -4?
-210371
In base 3, what is -1012 + -1100201122?
-1100202211
In base 12, what is 0 - -1072188?
1072188
In base 6, what is 2205145 + -100?
2205045
In base 4, what is -13111201 + -2300020?
-22011221
In base 11, what is -7 + 150664?
150658
In base 3, what is 10011 - 11121000211212?
-11121000201201
In base 11, what is 1aa + 1137?
1336
In base 5, what is -421410 - -101410?
-320000
In base 14, what is -5 + ba51801?
ba517da
In base 15, what is 71045 - 419?
70b2b
In base 5, what is -13024 + 303221010?
303202431
In base 3, what is 1201021 - 11200011110?
-11121110012
In base 8, what is -364616 + -76?
-364714
In base 13, what is 9a3cc8 - 3?
9a3cc5
In base 16, what is 3 + 2e4963?
2e4966
In base 2, what is -11111001101000010 + -101010?
-11111001101101100
In base 14, what is 194bb4 + 4?
194bb8
In base 7, what is 5 + 12103645?
12103653
In base 9, what is 574 - -47534?
48218
In base 11, what is 523 + -29793?
-29270
In base 15, what is -1ec7 + -212?
-21d9
In base 16, what is -1 + -13c21d2?
-13c21d3
In base 15, what is -b3 - 5157a?
-5163d
In base 12, what is -48174 - -2?
-48172
In base 13, what is -1cc - -24c4?
22c5
In base 10, what is -643 + 359073?
358430
In base 12, what is 61b37b + 99?
61b458
In base 5, what is -11414 - 204001?
-220420
In base 3, what is 10 - 2020121110000?
-2020121102220
In base 14, what is -5778 - -6912?
1178
In base 3, what is -11022210120222 + -12?
-11022210121011
In base 5, what is 10 + 103002332024?
103002332034
In base 13, what is -2 + -99bc114?
-99bc116
In base 13, what is 3 + -2b8162?
-2b815c
In base 2, what is 1110110100011 + 11110011010?
10010100111101
In base 8, what is -346 - -225773?
225425
In base 10, what is 39517 + 77?
39594
In base 13, what is 244 + -c894?
-c650
In base 12, what is -a5 - 118a4a?
-118b33
In base 13, what is 5384b + -59?
537c2
In base 7, what is -125 + 16654031?
16653603
In base 3, what is -1121121100012020 + -1?
-1121121100012021
In base 3, what is -210202 + -110201002?
-111111211
In base 5, what is 112 + -120134402?
-120134240
In base 4, what is 0 - -12002231023211?
12002231023211
In base 10, what is -5 - 28377572?
-28377577
In base 6, what is -113500 + 124?
-113332
In base 6, what is -542 - -551243?
550301
In base 12, what is 4a56 + 6026?
aa80
In base 13, what is abb4 + -8c2?
a2c2
In base 16, what is -19 - 2bba9?
-2bbc2
In base 4, what is 11 - 20111231310?
-20111231233
In base 2, what is -1010010101010111011010 - 100010?
-1010010101010111111100
In base 16, what is 706 - -d6f?
1475
In base 10, what is 1871 + -82057?
-80186
In base 7, what is -25253 + 442206?
413623
In base 9, what is 5382867 + 13?
5382881
In base 13, what is -90b60c + 5?
-90b607
In base 11, what is -1a660 + -68?
-1a718
In base 8, what is 101045 - 3047?
75776
In base 13, what is -821a935b + 4?
-821a9357
In base 7, what is 24433602 + 52?
24433654
In base 5, what is -1 + 40022312?
40022311
In base 4, what is 22012 - -2113233203?
2113321221
In base 16, what is -4c + -1afc?
-1b48
In base 10, what is 1 - 14862043?
-14862042
In base 12, what is -4 - -23842733?
2384272b
In base 6, what is -141550 - 4153?
-150143
In base 14, what is -1a1451bd + 0?
-1a1451bd
In base 16, what is -c7f4 + ac3?
-bd31
In base 12, what is 228b513 + 3?
228b516
In base 11, what is -1a32408 - -a?
-1a323a9
In base 16, what is 2d27487 + 3?
2d2748a
In base 11, what is 779024a5 + -9?
77902497
In base 14, what is 309a6 - 69?
3093b
In base 8, what is -5137544 + -34?
-5137600
In base 2, what is -10 - -1110000100100110000?
1110000100100101110
In base 5, what is 2414 - 1133143?
-1130224
In base 12, what is 2067 - 10644?
-a599
In base 2, what is -11010011 - -1001001101001?
1000110010110
In base 14, what is 3 - 1583781?
-158377c
In base 14, what is -18b5 + -7d17?
-97cc
In base 11, what is -3a - 438946?
-438985
In base 4, what is -2010101131 + -13?
-2010101210
In base 7, what is 141 + -360200?
-360026
In base 2, what is 101011111101011 - -1110001001110?
111010000111001
In base 13, what is -3 - 23598c66?
-23598c69
In base 7, what is -2012255061 - 2?
-2012255063
In base 10, what is -276004 - -47?
-275957
In base 14, what is -4 + 377c0cc?
377c0c8
In base 16, what is fc267 + -47?
fc220
In base 16, what is 6 + 19feaa?
19feb0
In base 5, what is -3 - -41441120?
41441112
In base 4, what is 20030 + -20131313?
-20111223
In base 15, what is 6db1771 + 5?
6db1776
In base 2, what is -1000 - 11100000110101101110?
-11100000110101110110
In base 13, what is 21c + 84a?
a69
In base 9, what is -1 - -1521764?
1521763
In base 6, what is -1201550341 + 4?
-1201550333
In base 10, what is -2140 - -468?
-1672
In base 7, what is -404323433 + -5?
-404323441
In base 10, what is 4 + -179364604?
-179364600
In base 4, what is -33022021323301 - -3?
-33022021323232
In base 10, what is 7 - -2206231?
2206238
In base 13, what is 224c3a - 14?
224c26
In base 4, what is 23022132300 + 10?
23022132310
In base 6, what is -13052 + -535320?
-552412
In base 14, what is 2d138201 - 4?
2d1381db
In base 9, what is 635 - 142081?
-141345
In base 16, what is -5c427 + -23?
-5c44a
In base 14, what is -925b6 + 36?
-92580
In base 16, what is 0 - -1814cb?
1814cb
In base 9, what is -1876118 + 22?
-1876086
In base 7, what is -34 - -302220155?
302220121
In base 2, what is -10111011101001111000011 - 0?
-10111011101001111000011
In base 6, what is 5125 - 5355124?
-5345555
In base 12, what is -26b2 - 34?
-2726
In base 9, what is -1422080 - -85?
-1421884
In base 5, what is -21 + -2131400023?
-2131400044
In base 3, what is -1211101101121 + -220?
-1211101102111
In base 11, what is 51 - -39a38?
39a89
In base 11, what is 3 + -490104a?
-4901047
In base 12, what is -17548a + 10?
-17547a
In base 8, what is 2 - -35667350?
35667352
In base 16, what is -3ab - -2c136?
2bd8b
In base 10, what is 4 - 218563?
-218559
In base 9, what is 3 - -165151272?
165151275
In base 16, what is -e0 + -c3ac?
-c48c
In base 8, what is 5706 + -253466?
-245560
In base 6, what is 22312 + 23510?
50222
In base 7, what is -21045055356 - 5?
-21045055364
In base 13, what is 9 - -2785a92?
2785a9b
In base 9, what is -317764 + 2255?
-315508
In base 4, what is 123220123100 + 10?
123220123110
In base 9, what is 334043445 - -1?
334043446
In base 10, what is -61853 + -1490?
-63343
In base 15, what is -d09d46 - -3?
-d09d43
In base 2, what is -10000100111 + 1001001101011101?
1000111100110110
In base 5, what is -101132440432 + 4?
-101132440423
In base 9, what is -164303 + 5400?
-157803
In base 9, what is 2 - -46101650?
46101652
In base 5, what is -44221034 - 23?
-44221112
In base 3, what is -10021202 + -1001020111?
-1011112020
In base 12, what is 9429aaa9 + -1?
9429aaa8
In base 6, what is 4003224 + 13223?
4020451
In base 10, what is -2 - 8790248?
-8790250
In base 12, what is -32 + -1303b3a?
-1303b70
In base 4, what is 3 - 32120230213?
-32120230210
In base 14, what is 39 - a85a9?
-a8570
In base 8, what is 6 - 7226500?
-7226472
In base 6, what is -400 + -524212?
-525012
In base 14, what is -33233c + 8?
-332334
In base 16, what is 3fb11f + 1c?
3fb13b
In base 8, what is -215 - 40175?
-40412
In base 8, what is -14007221 - -31?
-14007170
In base 14, what is 34 - 25922?
-258cc
In base 16, what is -16cdfbd + 5?
-16cdfb8
In base 3, what is 11022 - 11210122000210?
-11210121212111
In base 5, what is 111342420 + 130?
111343100
In base 11, what is -203 - 12865?
-12a68
In base 7, what is 1 + 1263656?
1263660
In base 10, what is -44288 + 71?
-44217
In base 4, what is 13302000030031 + -2?
13302000030023
In base 10, what is 248 + -125437?
-125189
In base 14, what is -38 + -161597?
-1615d1
In base 16, what is -140 - 20f1b?
-2105b
In base 2, what is 10111000011100100 - -1111001010?
10111010010101110
In base 9, what is 736661 + -13?
736647
In base 16, what is -1 + -db0a684?
-db0a685
In base 16, what is -a7f - -1094?
615
In base 11, what is 15130050 + 2?
15130052
In base 11, what is -8479 - 1137?
-9605
In base 16, what is -861b5 - -4?
-861b1
In base 7, what is 121241 + 6541?
131112
In base 7, what is 1203523516 - -4?
1203523523
In base 15, what is 282 + 226a?
24ec
In base 5, what is 41041 + -11220411?
-11124320
In base 16, what is -384 + 50?
-334
In base 7, what is 24162324 + 41?
24162365
In base 7, what is -621601 + -1420?
-623321
In base 8, what is -6342 + 322341?
313777
In base 8, what is -